{"id":204,"date":"2019-07-21T16:31:02","date_gmt":"2019-07-22T02:31:02","guid":{"rendered":"https:\/\/www.hmesthetique.com\/?page_id=204"},"modified":"2025-03-08T12:16:58","modified_gmt":"2025-03-08T22:16:58","slug":"le-maquillage-beaute","status":"publish","type":"page","link":"https:\/\/www.hmesthetique.com\/?page_id=204","title":{"rendered":"Le maquillage beaut\u00e9"},"content":{"rendered":"<div class=\"wpb-content-wrapper\"><p>[vc_row full_width=\u00a0\u00bbstretch_row\u00a0\u00bb css=\u00a0\u00bb.vc_custom_1563768173443{margin-top: -30px !important;margin-bottom: 0px !important;padding-top: 50px !important;padding-bottom: 50px !important;background-image: url(https:\/\/www.hmesthetique.com\/wp-content\/uploads\/2019\/07\/maquillage-beaute2.jpg?id=210) !important;background-position: center !important;background-repeat: no-repeat !important;background-size: cover !important;}\u00a0\u00bb][vc_column width=\u00a0\u00bb1\/6&Prime;][\/vc_column][vc_column width=\u00a0\u00bb2\/3&Prime; css=\u00a0\u00bb.vc_custom_1563510530351{background-color: rgba(255,255,255,0.9) !important;*background-color: rgb(255,255,255) !important;}\u00a0\u00bb][vc_column_text]<\/p>\n<h3 style=\"text-align: center;\">Le maquillage permet d&rsquo;estomper ou d&rsquo;att\u00e9nuer certaines disgr\u00e2ces mais il doit surtout mettre en valeur les atouts de votre visage.<\/h3>\n<p style=\"text-align: center;\">Chaque visage est diff\u00e9rent, aussi les maquillages sont r\u00e9alis\u00e9s d&rsquo;apr\u00e8s une \u00e9tude morphologique de votre visage pour vous apporter un maquillage personnalis\u00e9.<\/p>\n<p>[\/vc_column_text][\/vc_column][vc_column width=\u00a0\u00bb1\/6&Prime;][\/vc_column][\/vc_row][vc_row css=\u00a0\u00bb.vc_custom_1563590062363{margin-bottom: 40px !important;}\u00a0\u00bb][vc_column width=\u00a0\u00bb1\/2&Prime;]<div class=\"pricing-box  cp-right pricing-box-box\"><div class=\"plan-header\"><h2 class=\"title \">Cours de maquillage<\/h2><div class=\"price\"><span>11 500<\/span><sup class=\"currency\">XPF<\/sup><sup class=\"period\"><\/sup><\/div><hr class=\"hr_color\" \/><\/div><div class=\"plan-inside\"><span class=\"pi-content\">Ce cours est indispensable pour celles qui ne savent pas se maquiller, et qui souhaitent mettre en valeur leur beaut\u00e9 naturelle. Il s&rsquo;adresse \u00e9galement \u00e0 celles qui se maquillent mais qui veulent des conseils.<\/p>\n<p><strong>Pendant ce cours sont abord\u00e9s les sujets suivant :<\/strong><\/p>\n<ul>\n<li>Une \u00e9tude chromatique : la couleur du teint et la colorim\u00e9trie<\/li>\n<li>Une \u00e9tude morphologique : forme du visage, des yeux, des l\u00e8vres<\/li>\n<li>L&rsquo;encha\u00eenement dans l&rsquo;application des produits pour r\u00e9aliser un maquillage<\/li>\n<li>Explication des techniques professionnelles pour un maquillage parfait.<\/li>\n<\/ul>\n<p><\/span><\/div><\/div>\n<div class=\"pricing-box  cp-right pricing-box-box\"><div class=\"plan-header\"><h2 class=\"title \">Maquillage grand soir<\/h2><div class=\"price\"><span>7 200<\/span><sup class=\"currency\">XPF<\/sup><sup class=\"period\"><\/sup><\/div><hr class=\"hr_color\" \/><\/div><div class=\"plan-inside\"><span class=\"pi-content\">Le maquillage pour les grandes occasions tels que spectacles, d\u00e9fil\u00e9s, f\u00eates. Le teint est sublim\u00e9 : on camoufle cernes et poches, ainsi que les imperfections cutan\u00e9es. Les yeux sont mis en valeur ainsi que la bouche au moyens de fards iris\u00e9s et intenses, avec pose de strass ou paillettes afin d&rsquo;obtenir un maquillage sophistiqu\u00e9.<\/span><\/div><\/div>\n<div class=\"pricing-box  cp-right pricing-box-box\"><div class=\"plan-header\"><h2 class=\"title \">Maquillage soir<\/h2><div class=\"price\"><span>5 200<\/span><sup class=\"currency\">XPF<\/sup><sup class=\"period\"><\/sup><\/div><hr class=\"hr_color\" \/><\/div><div class=\"plan-inside\"><span class=\"pi-content\">Le maquillage pour les soir\u00e9es, le teint est parfait : on camoufle cernes et poches, ainsi que les imperfections cutan\u00e9es. Les yeux sont mis en valeur ainsi que la bouche. Les couleurs sont intenses, les yeux lumineux. C&rsquo;est un maquillage naturel intense.<\/span><\/div><\/div>\n[\/vc_column][vc_column width=\u00a0\u00bb1\/2&Prime;]<div class=\"pricing-box  cp-right pricing-box-box\"><div class=\"plan-header\"><h2 class=\"title \">Maquillage mari\u00e9e<\/h2><div class=\"price\"><span>8 700<\/span><sup class=\"currency\">XPF<\/sup><sup class=\"period\"><\/sup><\/div><hr class=\"hr_color\" \/><\/div><div class=\"plan-inside\"><span class=\"pi-content\">Le maquillage pour la mari\u00e9e doit allier un maquillage beaut\u00e9 d&rsquo;une tenue extraordinaire et les caract\u00e9ristiques d&rsquo;un maquillage photo. le teint est parfait : On camoufle cernes et poches, ainsi que les imperfections cutan\u00e9es. Le maquillage r\u00e9v\u00e8le la beaut\u00e9 de la mari\u00e9e.<\/span><\/div><\/div>\n<div class=\"pricing-box  cp-right pricing-box-box\"><div class=\"plan-header\"><h2 class=\"title \">Maquillage cocktail<\/h2><div class=\"price\"><span>6 250<\/span><sup class=\"currency\">XPF<\/sup><sup class=\"period\"><\/sup><\/div><hr class=\"hr_color\" \/><\/div><div class=\"plan-inside\"><span class=\"pi-content\">Le maquillage pour les occasions sp\u00e9ciales telles que les mariages. C&rsquo;est un maquillage intense aux couleurs vives fait pour la journ\u00e9e mais assez soutenu pour durer tard dans la nuit. Les yeux et la bouche sont mis en valeur, le maquillage est plut\u00f4t sophistiqu\u00e9.<\/span><\/div><\/div>\n<div class=\"pricing-box  cp-right pricing-box-box\"><div class=\"plan-header\"><h2 class=\"title \">Maquillage jour<\/h2><div class=\"price\"><span>4 000<\/span><sup class=\"currency\">XPF<\/sup><sup class=\"period\"><\/sup><\/div><hr class=\"hr_color\" \/><\/div><div class=\"plan-inside\"><span class=\"pi-content\">Le maquillage au quotidien qui permet de camoufler les cernes et les poches, les imperfections de peau, afin d&rsquo;avoir le teint radieux, et bonne mine. C&rsquo;est un maquillage l\u00e9ger et naturel.<\/span><\/div><\/div>\n[vc_single_image image=\u00a0\u00bb404&Prime; img_size=\u00a0\u00bblarge\u00a0\u00bb alignment=\u00a0\u00bbcenter\u00a0\u00bb onclick=\u00a0\u00bbcustom_link\u00a0\u00bb link=\u00a0\u00bbhttps:\/\/www.hmesthetique.com\/?product=bon-cadeau\u00a0\u00bb][\/vc_column][\/vc_row]<\/p>\n<\/div>","protected":false},"excerpt":{"rendered":"<p>[vc_row full_width=\u00a0\u00bbstretch_row\u00a0\u00bb css=\u00a0\u00bb.vc_custom_1563768173443{margin-top: -30px !important;margin-bottom: 0px !important;padding-top: 50px !important;padding-bottom: 50px !important;background-image: url(https:\/\/www.hmesthetique.com\/wp-content\/uploads\/2019\/07\/maquillage-beaute2.jpg?id=210) !important;background-position: center !important;background-repeat: no-repeat !important;background-size: cover !important;}\u00a0\u00bb][vc_column width=\u00a0\u00bb1\/6&Prime;][\/vc_column][vc_column width=\u00a0\u00bb2\/3&Prime; css=\u00a0\u00bb.vc_custom_1563510530351{background-color: rgba(255,255,255,0.9) !important;*background-color: rgb(255,255,255) !important;}\u00a0\u00bb][vc_column_text]<span class=\"excerpt-hellip\"> [\u2026]<\/span><\/p>\n","protected":false},"author":1,"featured_media":0,"parent":0,"menu_order":0,"comment_status":"closed","ping_status":"closed","template":"","meta":{"footnotes":""},"_links":{"self":[{"href":"https:\/\/www.hmesthetique.com\/index.php?rest_route=\/wp\/v2\/pages\/204"}],"collection":[{"href":"https:\/\/www.hmesthetique.com\/index.php?rest_route=\/wp\/v2\/pages"}],"about":[{"href":"https:\/\/www.hmesthetique.com\/index.php?rest_route=\/wp\/v2\/types\/page"}],"author":[{"embeddable":true,"href":"https:\/\/www.hmesthetique.com\/index.php?rest_route=\/wp\/v2\/users\/1"}],"replies":[{"embeddable":true,"href":"https:\/\/www.hmesthetique.com\/index.php?rest_route=%2Fwp%2Fv2%2Fcomments&post=204"}],"version-history":[{"count":17,"href":"https:\/\/www.hmesthetique.com\/index.php?rest_route=\/wp\/v2\/pages\/204\/revisions"}],"predecessor-version":[{"id":646,"href":"https:\/\/www.hmesthetique.com\/index.php?rest_route=\/wp\/v2\/pages\/204\/revisions\/646"}],"wp:attachment":[{"href":"https:\/\/www.hmesthetique.com\/index.php?rest_route=%2Fwp%2Fv2%2Fmedia&parent=204"}],"curies":[{"name":"wp","href":"https:\/\/api.w.org\/{rel}","templated":true}]}}