{"id":189,"date":"2019-07-21T15:50:28","date_gmt":"2019-07-22T01:50:28","guid":{"rendered":"https:\/\/www.hmesthetique.com\/?page_id=189"},"modified":"2024-02-09T15:11:30","modified_gmt":"2024-02-10T01:11:30","slug":"le-maquillage-permanent","status":"publish","type":"page","link":"https:\/\/www.hmesthetique.com\/?page_id=189","title":{"rendered":"Le maquillage permanent"},"content":{"rendered":"<div class=\"wpb-content-wrapper\"><p>[vc_row full_width=\u00a0\u00bbstretch_row\u00a0\u00bb css=\u00a0\u00bb.vc_custom_1563768201369{margin-top: -30px !important;margin-bottom: 40px !important;padding-top: 50px !important;padding-bottom: 50px !important;background-image: url(https:\/\/www.hmesthetique.com\/wp-content\/uploads\/2019\/07\/maquillage-permanent.jpg?id=192) !important;background-position: center !important;background-repeat: no-repeat !important;background-size: cover !important;}\u00a0\u00bb][vc_column width=\u00a0\u00bb1\/6&Prime;][\/vc_column][vc_column width=\u00a0\u00bb2\/3&Prime; css=\u00a0\u00bb.vc_custom_1563760260008{padding-top: 25px !important;padding-bottom: 25px !important;background-color: rgba(255,255,255,0.9) !important;*background-color: rgb(255,255,255) !important;}\u00a0\u00bb][vc_column_text]<\/p>\n<div style=\"text-align: center;\">La solution pour \u00eatre et rester belle, quelque soient les circonstances, en toute occasion, \u00e0 chaque instant de votre vie.<\/div>\n<h3 class=\"titre1-vert-14px\" style=\"text-align: center;\">Qu&rsquo;est-ce que le maquillage permanent ?<\/h3>\n<p style=\"text-align: center;\">Le maquillage permanent a pour but d&#8217;embellir le visage en \u00e9vitant les gestes quotidiens du maquillage. La technique consiste \u00e0 implanter des pigments sous les couches superficielles de la peau, c&rsquo;est un maquillage de longue dur\u00e9e obtenu par tatouage de le peau<\/p>\n<p>[\/vc_column_text][\/vc_column][vc_column width=\u00a0\u00bb1\/6&Prime;][\/vc_column][\/vc_row][vc_row gap=\u00a0\u00bb30&Prime; css=\u00a0\u00bb.vc_custom_1563762226047{margin-bottom: 40px !important;}\u00a0\u00bb][vc_column width=\u00a0\u00bb1\/2&Prime;][vc_column_text]<\/p>\n<h3 class=\"titre1-vert-14px\"><span style=\"color: #33cccc;\">A qui s&rsquo;adresse le maquillage permanent ?<\/span><\/h3>\n<ul>\n<li>Toutes celles qui souhaitent gagner du temps le matin<\/li>\n<li>Celles qui veulent aller la beaut\u00e9 et le confort que ce soit au r\u00e9veil, sous la douche, \u00e0 la mer.<\/li>\n<li>Celles qui d\u00e9testent le maquillage qui coule et se d\u00e9fait, les trac\u00e9s tremblants et in\u00e9gaux, le maquillage \u00e0 la va vite.<\/li>\n<li>Porteuse de lunette, vous souhaitez \u00e9viter les difficiles s\u00e9ances de maquillage le matin<\/li>\n<li>Sportive, vous souhaitez rester maquill\u00e9e en piscine, \u00e0 la mer et surtout \u00e9viter que le maquillage ne s&rsquo;alt\u00e8re lors de l&rsquo;effort ou \u00e0 la transpiration<\/li>\n<li>Celles qui d\u00e9sirent corriger certaines asym\u00e9tries de leur visage<\/li>\n<\/ul>\n<p>Doux, naturel, ineffa\u00e7able, le maquillage permanent propose un embellissement naturel et rajeunissant.<\/p>\n<h3 class=\"titre1-vert-14px\"><span style=\"color: #33cccc;\">Combien de temps dure le maquillage permanent ?<\/span><\/h3>\n<p>Le maquillage permanent peut durer entre 1 et 3 ans. La tenue d&rsquo;une dermographie d\u00e9pend de plusieurs facteurs (pigments utilis\u00e9s, profondeur d&rsquo;implantation, syst\u00e8me de d\u00e9fense&#8230;). Le pigment inject\u00e9 reste \u00e0 vie dans la peau mais sa couleur va s&rsquo;estomper avec le temps. La dur\u00e9e peut donc varier d&rsquo;un individu \u00e0 l&rsquo;autre.<\/p>\n<h3 class=\"titre1-vert-14px\"><span style=\"color: #33cccc;\">Quelles sont les applications ?<\/span><\/h3>\n<p>La technique utilis\u00e9e mettra vos yeux en valeur en les dessinant d&rsquo;un trac\u00e9 d&rsquo;eye liner, \u00e9quilibrera votre visage en restructurant vos sourcils ( m\u00eame inexistant), \u00e9paissira ou soulignera votre bouche d&rsquo;un trait ombr\u00e9 rectificatif.<\/p>\n<h3 class=\"titre1-vert-14px\"><span style=\"color: #33cccc;\">Quels sont le mat\u00e9riel et les accessoires utilis\u00e9s ?<\/span><\/h3>\n<ul>\n<li>Un dermographe muni de buses \u00e0 usage unique<\/li>\n<li>Aiguilles de lignage et de remplissage \u00e0 usage unique<\/li>\n<li>Pigments : une palette d&rsquo;une dizaine de couleurs<\/li>\n<\/ul>\n<h3 class=\"titre1-vert-14px\"><span style=\"color: #33cccc;\">Quelle est la technique ?<\/span><\/h3>\n<div>Gr\u00e2ce au mouvement de va et vient, l&rsquo;aiguille pr\u00e9l\u00e8vera le m\u00e9lange pigmentaire et le placera dans le r\u00e9servoir du stylo ; le pigment sera ensuite inject\u00e9 dans la peau. La vitesse du moteur, et la profondeur de p\u00e9n\u00e9tration de l&rsquo;aiguille sont r\u00e9glables. En g\u00e9n\u00e9ral, cet acte peu douloureux ne n\u00e9cessite pas d&rsquo;anesth\u00e9sie, mais pour des dermographies de pourtour de l\u00e8vres ou paupi\u00e8res, vous pourrez avoir une anesth\u00e9sie locale afin d&rsquo;\u00e9viter tout mouvement durant la pose.<\/div>\n<p>[\/vc_column_text][\/vc_column][vc_column width=\u00a0\u00bb1\/2&Prime; css=\u00a0\u00bb.vc_custom_1563762264990{border-left-width: 1px !important;padding-left: 35px !important;border-left-color: #3cc4a4 !important;border-left-style: solid !important;}\u00a0\u00bb]<div class=\"fancy_heading fancy_heading_line\"><div class=\"fh-top\"><\/div><h2 class=\"title\">Maquillage semi-permanent<\/h2><\/div>\n[vc_row_inner content_placement=\u00a0\u00bbbottom\u00a0\u00bb el_class=\u00a0\u00bbprix-liste\u00a0\u00bb][vc_column_inner el_class=\u00a0\u00bbtitre-service\u00a0\u00bb width=\u00a0\u00bb2\/3&Prime;][vc_column_text]<span class=\"tarif-titre\">La pigmentations des muqueuses avec contour<\/span>[\/vc_column_text][\/vc_column_inner][vc_column_inner el_class=\u00a0\u00bbprix\u00a0\u00bb width=\u00a0\u00bb1\/3&Prime;][vc_column_text]<\/p>\n<p style=\"text-align: right;\">75 000 XPF<\/p>\n<p>[\/vc_column_text][\/vc_column_inner][\/vc_row_inner][vc_row_inner content_placement=\u00a0\u00bbbottom\u00a0\u00bb el_class=\u00a0\u00bbprix-liste\u00a0\u00bb][vc_column_inner el_class=\u00a0\u00bbtitre-service\u00a0\u00bb width=\u00a0\u00bb2\/3&Prime;][vc_column_text]<span class=\"tarif-titre\">La pigmentations des muqueuses<\/span>[\/vc_column_text][\/vc_column_inner][vc_column_inner el_class=\u00a0\u00bbprix\u00a0\u00bb width=\u00a0\u00bb1\/3&Prime;][vc_column_text]<\/p>\n<p style=\"text-align: right;\">57 000 XPF<\/p>\n<p>[\/vc_column_text][\/vc_column_inner][\/vc_row_inner][vc_row_inner content_placement=\u00a0\u00bbbottom\u00a0\u00bb el_class=\u00a0\u00bbprix-liste\u00a0\u00bb][vc_column_inner el_class=\u00a0\u00bbtitre-service\u00a0\u00bb width=\u00a0\u00bb2\/3&Prime;][vc_column_text]<span class=\"tarif-titre\">Le contour des l\u00e8vres<\/span>[\/vc_column_text][\/vc_column_inner][vc_column_inner el_class=\u00a0\u00bbprix\u00a0\u00bb width=\u00a0\u00bb1\/3&Prime;][vc_column_text]<\/p>\n<p style=\"text-align: right;\">39 000 XPF<\/p>\n<p>[\/vc_column_text][\/vc_column_inner][\/vc_row_inner][vc_row_inner content_placement=\u00a0\u00bbbottom\u00a0\u00bb el_class=\u00a0\u00bbprix-liste\u00a0\u00bb][vc_column_inner el_class=\u00a0\u00bbtitre-service\u00a0\u00bb width=\u00a0\u00bb2\/3&Prime;][vc_column_text]Les sourcils[\/vc_column_text][\/vc_column_inner][vc_column_inner el_class=\u00a0\u00bbprix\u00a0\u00bb width=\u00a0\u00bb1\/3&Prime;][vc_column_text]<\/p>\n<p style=\"text-align: right;\">35 000 XPF<\/p>\n<p>[\/vc_column_text][\/vc_column_inner][\/vc_row_inner][vc_row_inner content_placement=\u00a0\u00bbbottom\u00a0\u00bb el_class=\u00a0\u00bbprix-liste\u00a0\u00bb][vc_column_inner el_class=\u00a0\u00bbtitre-service\u00a0\u00bb width=\u00a0\u00bb2\/3&Prime;][vc_column_text]<span class=\"tarif-titre\">Le trait eyeliner sup\u00e9rieur ou inf\u00e9rieur \u00e9pais<\/span>[\/vc_column_text][\/vc_column_inner][vc_column_inner el_class=\u00a0\u00bbprix\u00a0\u00bb width=\u00a0\u00bb1\/3&Prime;][vc_column_text]<\/p>\n<p style=\"text-align: right;\">26 000 XPF<\/p>\n<p>[\/vc_column_text][\/vc_column_inner][\/vc_row_inner][vc_row_inner content_placement=\u00a0\u00bbbottom\u00a0\u00bb el_class=\u00a0\u00bbprix-liste\u00a0\u00bb][vc_column_inner el_class=\u00a0\u00bbtitre-service\u00a0\u00bb width=\u00a0\u00bb2\/3&Prime;][vc_column_text]<span class=\"tarif-titre\">Le trait eyeliner sup\u00e9rieur ou inf\u00e9rieur fin<\/span>[\/vc_column_text][\/vc_column_inner][vc_column_inner el_class=\u00a0\u00bbprix\u00a0\u00bb width=\u00a0\u00bb1\/3&Prime;][vc_column_text]<\/p>\n<p style=\"text-align: right;\">21 000 XPF<\/p>\n<p>[\/vc_column_text][\/vc_column_inner][\/vc_row_inner][vc_row_inner content_placement=\u00a0\u00bbbottom\u00a0\u00bb el_class=\u00a0\u00bbprix-liste\u00a0\u00bb][vc_column_inner el_class=\u00a0\u00bbtitre-service\u00a0\u00bb width=\u00a0\u00bb2\/3&Prime;][vc_column_text]<span class=\"tarif-titre\">T\u00e2ches de rousseur<\/span>[\/vc_column_text][\/vc_column_inner][vc_column_inner el_class=\u00a0\u00bbprix\u00a0\u00bb width=\u00a0\u00bb1\/3&Prime;][vc_column_text]<\/p>\n<p style=\"text-align: right;\">15 000 XPF<\/p>\n<p>[\/vc_column_text][\/vc_column_inner][\/vc_row_inner][vc_row_inner content_placement=\u00a0\u00bbbottom\u00a0\u00bb el_class=\u00a0\u00bbprix-liste\u00a0\u00bb css=\u00a0\u00bb.vc_custom_1568341339239{margin-bottom: 40px !important;}\u00a0\u00bb][vc_column_inner el_class=\u00a0\u00bbtitre-service\u00a0\u00bb width=\u00a0\u00bb2\/3&Prime;][vc_column_text]<span class=\"tarif-titre\">Grain de beaut\u00e9<\/span>[\/vc_column_text][\/vc_column_inner][vc_column_inner el_class=\u00a0\u00bbprix\u00a0\u00bb width=\u00a0\u00bb1\/3&Prime;][vc_column_text]<\/p>\n<p style=\"text-align: right;\">10 000 XPF<\/p>\n<p>[\/vc_column_text][\/vc_column_inner][\/vc_row_inner]<div class=\"fancy_heading fancy_heading_line\"><div class=\"fh-top\"><\/div><h2 class=\"title\">Entretien du maquillage semi-permanent<\/h2><\/div>\n[vc_row_inner content_placement=\u00a0\u00bbbottom\u00a0\u00bb el_class=\u00a0\u00bbprix-liste\u00a0\u00bb][vc_column_inner el_class=\u00a0\u00bbtitre-service\u00a0\u00bb width=\u00a0\u00bb2\/3&Prime;][vc_column_text]<span class=\"tarif-titre\">La pigmentations des muqueuses avec contour<\/span>[\/vc_column_text][\/vc_column_inner][vc_column_inner el_class=\u00a0\u00bbprix\u00a0\u00bb width=\u00a0\u00bb1\/3&Prime;][vc_column_text]<\/p>\n<p style=\"text-align: right;\">60 500 XPF<\/p>\n<p>[\/vc_column_text][\/vc_column_inner][\/vc_row_inner][vc_row_inner content_placement=\u00a0\u00bbbottom\u00a0\u00bb el_class=\u00a0\u00bbprix-liste\u00a0\u00bb][vc_column_inner el_class=\u00a0\u00bbtitre-service\u00a0\u00bb width=\u00a0\u00bb2\/3&Prime;][vc_column_text]<span class=\"tarif-titre\">La pigmentations des muqueuses<\/span>[\/vc_column_text][\/vc_column_inner][vc_column_inner el_class=\u00a0\u00bbprix\u00a0\u00bb width=\u00a0\u00bb1\/3&Prime;][vc_column_text]<\/p>\n<p style=\"text-align: right;\">45 400 XPF<\/p>\n<p>[\/vc_column_text][\/vc_column_inner][\/vc_row_inner][vc_row_inner content_placement=\u00a0\u00bbbottom\u00a0\u00bb el_class=\u00a0\u00bbprix-liste\u00a0\u00bb][vc_column_inner el_class=\u00a0\u00bbtitre-service\u00a0\u00bb width=\u00a0\u00bb2\/3&Prime;][vc_column_text]<span class=\"tarif-titre\">Le contour des l\u00e8vres<\/span>[\/vc_column_text][\/vc_column_inner][vc_column_inner el_class=\u00a0\u00bbprix\u00a0\u00bb width=\u00a0\u00bb1\/3&Prime;][vc_column_text]<\/p>\n<p style=\"text-align: right;\">30 200 XPF<\/p>\n<p>[\/vc_column_text][\/vc_column_inner][\/vc_row_inner][vc_row_inner content_placement=\u00a0\u00bbbottom\u00a0\u00bb el_class=\u00a0\u00bbprix-liste\u00a0\u00bb][vc_column_inner el_class=\u00a0\u00bbtitre-service\u00a0\u00bb width=\u00a0\u00bb2\/3&Prime;][vc_column_text]Les sourcils[\/vc_column_text][\/vc_column_inner][vc_column_inner el_class=\u00a0\u00bbprix\u00a0\u00bb width=\u00a0\u00bb1\/3&Prime;][vc_column_text]<\/p>\n<p style=\"text-align: right;\">23 000 XPF<\/p>\n<p>[\/vc_column_text][\/vc_column_inner][\/vc_row_inner][vc_row_inner content_placement=\u00a0\u00bbbottom\u00a0\u00bb el_class=\u00a0\u00bbprix-liste\u00a0\u00bb][vc_column_inner el_class=\u00a0\u00bbtitre-service\u00a0\u00bb width=\u00a0\u00bb2\/3&Prime;][vc_column_text]<span class=\"tarif-titre\">Le trait eyeliner sup\u00e9rieur ou inf\u00e9rieur \u00e9pais<\/span>[\/vc_column_text][\/vc_column_inner][vc_column_inner el_class=\u00a0\u00bbprix\u00a0\u00bb width=\u00a0\u00bb1\/3&Prime;][vc_column_text]<\/p>\n<p style=\"text-align: right;\">20 000 XPF<\/p>\n<p>[\/vc_column_text][\/vc_column_inner][\/vc_row_inner][vc_row_inner content_placement=\u00a0\u00bbbottom\u00a0\u00bb el_class=\u00a0\u00bbprix-liste\u00a0\u00bb][vc_column_inner el_class=\u00a0\u00bbtitre-service\u00a0\u00bb width=\u00a0\u00bb2\/3&Prime;][vc_column_text]<span class=\"tarif-titre\">Le trait eyeliner sup\u00e9rieur ou inf\u00e9rieur fin<\/span>[\/vc_column_text][\/vc_column_inner][vc_column_inner el_class=\u00a0\u00bbprix\u00a0\u00bb width=\u00a0\u00bb1\/3&Prime;][vc_column_text]<\/p>\n<p style=\"text-align: right;\">17 000 XPF<\/p>\n<p>[\/vc_column_text][\/vc_column_inner][\/vc_row_inner][vc_single_image image=\u00a0\u00bb404&Prime; img_size=\u00a0\u00bblarge\u00a0\u00bb alignment=\u00a0\u00bbcenter\u00a0\u00bb onclick=\u00a0\u00bbcustom_link\u00a0\u00bb link=\u00a0\u00bbhttps:\/\/www.hmesthetique.com\/?product=bon-cadeau\u00a0\u00bb css=\u00a0\u00bb.vc_custom_1671480650324{margin-top: 50px !important;}\u00a0\u00bb][\/vc_column][\/vc_row]<\/p>\n<\/div>","protected":false},"excerpt":{"rendered":"<p>[vc_row full_width=\u00a0\u00bbstretch_row\u00a0\u00bb css=\u00a0\u00bb.vc_custom_1563768201369{margin-top: -30px !important;margin-bottom: 40px !important;padding-top: 50px !important;padding-bottom: 50px !important;background-image: url(https:\/\/www.hmesthetique.com\/wp-content\/uploads\/2019\/07\/maquillage-permanent.jpg?id=192) !important;background-position: center !important;background-repeat: no-repeat !important;background-size: cover !important;}\u00a0\u00bb][vc_column width=\u00a0\u00bb1\/6&Prime;][\/vc_column][vc_column width=\u00a0\u00bb2\/3&Prime; css=\u00a0\u00bb.vc_custom_1563760260008{padding-top: 25px !important;padding-bottom: 25px !important;background-color:<span class=\"excerpt-hellip\"> [\u2026]<\/span><\/p>\n","protected":false},"author":1,"featured_media":0,"parent":0,"menu_order":0,"comment_status":"closed","ping_status":"closed","template":"","meta":{"footnotes":""},"_links":{"self":[{"href":"https:\/\/www.hmesthetique.com\/index.php?rest_route=\/wp\/v2\/pages\/189"}],"collection":[{"href":"https:\/\/www.hmesthetique.com\/index.php?rest_route=\/wp\/v2\/pages"}],"about":[{"href":"https:\/\/www.hmesthetique.com\/index.php?rest_route=\/wp\/v2\/types\/page"}],"author":[{"embeddable":true,"href":"https:\/\/www.hmesthetique.com\/index.php?rest_route=\/wp\/v2\/users\/1"}],"replies":[{"embeddable":true,"href":"https:\/\/www.hmesthetique.com\/index.php?rest_route=%2Fwp%2Fv2%2Fcomments&post=189"}],"version-history":[{"count":25,"href":"https:\/\/www.hmesthetique.com\/index.php?rest_route=\/wp\/v2\/pages\/189\/revisions"}],"predecessor-version":[{"id":611,"href":"https:\/\/www.hmesthetique.com\/index.php?rest_route=\/wp\/v2\/pages\/189\/revisions\/611"}],"wp:attachment":[{"href":"https:\/\/www.hmesthetique.com\/index.php?rest_route=%2Fwp%2Fv2%2Fmedia&parent=189"}],"curies":[{"name":"wp","href":"https:\/\/api.w.org\/{rel}","templated":true}]}}